(-4)*(-8)/(-4) a prime number?
True
Is ((-6)/(-1) - 34760)/(-2*1) a prime number?
True
Is 5*-1949*(-40)/40 prime?
False
Suppose 6*g - 2*g + 5*w - 15316 = 0, -3*g = -2*w - 11487. Is g a prime number?
False
Let w(v) = -26*v**3 + 52*v**3 - 12*v**2 - 27*v**3 - 16 + 4*v. Is w(-15) composite?
False
Let h = 9236 - -166881. Is h a prime number?
False
Let g(y) = -6*y**2 - 8*y + 3. Let f(c) = -6*c**2 - 7*c + 2. Let k(m) = -4*f(m) + 3*g(m). Let p = 74 - 70. Is k(p) prime?
True
Suppose -5110 = -6*a - 424. Suppose 5*i + 629 + a = 0. Let m = 625 - i. Is m a prime number?
True
Let n(b) be the second derivative of 5*b**5/4 + b**4/12 + 5*b**3/6 + 7*b. Is n(3) composite?
True
Suppose q - 5*q = -5*j + 113, -4*j - 108 = 3*q. Let x be (-2)/7 - q/112. Suppose 0 = -x*i + 3*i - 663. Is i prime?
False
Let m be ((-11)/(-2))/(6/2748). Suppose -m = -u + 840. Is u prime?
True
Suppose -178596 = -17*q - 37037. Is q a composite number?
True
Let a be (372/2)/(12/32). Is (-4 - -8 - 7) + a composite?
True
Let h be (-47 - (0 - -5))*689/(-2). Let j = h - 12761. Is j a composite number?
False
Suppose -4*r - 3*q - 375 = 318, -4*q + 700 = -4*r. Let y be (-2)/7 + r/(-21). Is 2 + (-4)/y*-654 a composite number?
True
Suppose 0 = -5*d - 17 - 73. Let r be (d/15)/((-6)/(-20)). Let k(m) = m**2 - m + 5. Is k(r) a composite number?
True
Suppose -5*h + 2*t - 40 = 0, 0*t = -h - t - 1. Let r = 60 + 51. Is (r/h)/((-1)/14) a prime number?
False
Let z = 56 + -58. Is (-3)/(2/z) - -1398 prime?
False
Let p = -1 + 4. Suppose -390 = 2*w - 5*w - p*m, w - 3*m = 110. Suppose 4*o - 2*t - 97 - 25 = 0, 4*o - w = -t. Is o prime?
True
Suppose 0 = 236*z - 254*z + 485226. Is z a prime number?
False
Let x be 260/(-78)*6/20*-4. Suppose 0*t = 4*j - 4*t - 4616, j - 1145 = x*t. Is j a prime number?
False
Is (1 - (-5 + -17772))*(-16)/(-48) a prime number?
False
Let f(k) = k**3 + 4*k**2 - 3*k - 1. Let c be f(-3). Suppose 2*b - 3*g + 5 = -3, -5*b - 20 = 4*g. Let z = c - b. Is z composite?
True
Let l(n) = -5 - 679*n + 683*n + 12*n**2 + 5*n**2. Let m = -9 - -5. Is l(m) composite?
False
Let r(g) = 513*g - 5. Is r(4) composite?
True
Suppose 207*b - 14955 = 202*b. Is b prime?
False
Let p = 794 - -273. Is p composite?
True
Let q(f) = -6*f**3 - 6*f**2 - 3*f - 8. Suppose 5*p + 13 = d, 5*p = 5*d + p + 19. Is q(d) a composite number?
False
Let o be (-1 - 34)*216/(-10). Suppose 3*y = -3*v + o, v + 35 = 5*y + 269. Is v a prime number?
False
Let q be (-10)/(-80)*6 - (-54065)/4. Suppose -3*i - 4*i + q = 0. Is i a prime number?
True
Is ((-4 - 9) + 15)*4874/4 a prime number?
True
Suppose -6*k + 2*k = 3*g - 9162, 3*k - 6108 = -2*g. Suppose 6*b - g = 1560. Is b composite?
False
Suppose -t + 2*c + 56 = t, 5*c = -5*t + 190. Suppose 3*p + 15 = 0, 0 = 4*j - 0*p - 5*p - t. Suppose 2*u = -j, -3*i + i + 163 = u. Is i composite?
True
Suppose -3*n + 4*d + 6 = 0, d - 4*d = 2*n - 4. Is 9/(-6) + 1989/n prime?
False
Let z(c) = 3*c**2 - c - 1. Let f be z(-1). Suppose -i = -2*j - 2*i + 885, -2*i - 1317 = -f*j. Let r = -238 + j. Is r a prime number?
False
Let n(d) = 64*d + 233. Is n(36) composite?
True
Suppose -63 = -a - 8*a. Suppose a*z - 10142 - 1457 = 0. Is z prime?
True
Suppose -8*u + 33773 + 80475 = 0. Is u a composite number?
False
Let i = 19155 - 5104. Is i composite?
False
Suppose -561*r + 567*r = 37074. Is r a prime number?
False
Let v(i) = -65*i + 4. Let w be v(-2). Let u(c) = 53*c + w*c + 15*c - 36*c. Is u(1) composite?
True
Suppose 0 = -3*b + 27. Let i = b + -4. Suppose -5*s = -5*f - 26 - 54, -i*s - 2*f = -101. Is s composite?
False
Let h be 5 + -5 + 4 - 4. Let a be -2 + h/(-1) - -17. Suppose -148 = -a*y + 11*y. Is y a composite number?
False
Let s be (-1)/(3 + 64/(-20)). Suppose 0*p - 66 = -2*p - 4*g, s*p - g = 165. Suppose -p = -2*c + 83. Is c composite?
True
Suppose -4*y = l - 8, 4*l + 4 = 5*y - 6. Suppose -n = -3*c - 3*n + 4, y*n = 2*c - 6. Suppose 0 = -c*p - 5*k + 244, -4*k = -2*k. Is p prime?
False
Suppose 0 = -h + 1021 + 1067. Let d = -1169 + h. Is d prime?
True
Let q be 3/6 - 1743/(-6). Suppose -5*h - 2*y = -3145, q + 338 = h + 2*y. Is h prime?
False
Let x be 712/(-20) - 8/20. Let l be (41/3)/((-4)/x). Suppose -2*m + 3*m = l. Is m prime?
False
Suppose -27*t - 12092 = -91121. Is t prime?
True
Let h(z) = 19*z + 4*z - 6*z + 8 + 0*z. Is h(7) a composite number?
False
Let c = 620 - -918. Is c prime?
False
Let a(w) = -49*w**3 - 3*w - 1. Is a(-2) a prime number?
True
Suppose 1465 = -2*q + 3*q. Is q prime?
False
Let z(q) = -5*q + 21. Let c be z(3). Suppose -5410 = -c*t + 3992. Is t a prime number?
True
Let d = 5 + -8. Is 2/(-6) - (-5)/d - -811 a composite number?
False
Let z = -5 + 1. Let b(f) = 9*f + 30. Let s be b(-4). Is (9/s)/(z/472) a prime number?
False
Let f = -9094 - -36221. Is f a composite number?
False
Suppose -r + 2149 = -4*d, -5*r + d + 0*d = -10650. Is r composite?
False
Suppose -24*l + 1165 = -19*l. Let d = 490 - l. Is d a composite number?
False
Let l be (0/(3/(-3)))/(-2). Suppose 3*k + 0*d - 5*d - 264 = l, 2*k - 176 = 5*d. Suppose 4*i - 4*y - k = 0, -i + 0*y = -4*y - 22. Is i a prime number?
False
Let j = -856 + 1445. Suppose 4*l - 463 = j. Is l prime?
True
Is (-110)/605 + (-222930)/(-22) prime?
True
Let s be (3/2)/(6/4 + -1). Suppose 4*c = 5*i - 6089, -5*i - s*c - 13 = -6095. Is i a composite number?
False
Let a(p) = p**3 + 7*p**2 + 7*p + 8. Let g be a(-6). Is (5036/(-12))/((-5)/(-3) - g) prime?
True
Let j(l) = -301*l - 2. Let p be j(-1). Suppose p = -3*u + 869. Suppose 0 = 2*i - 4*i + u. Is i a prime number?
False
Suppose 5*i - 4*o - 16 = 0, -2*i + 6 = -3*o + 1. Suppose 2 + i = 2*f. Suppose f*u + 12 = 0, -2*a + 23 = -2*u - 95. Is a a composite number?
True
Suppose 2*v - 228 = 6*v. Let b = 1047 + v. Let p = b - 679. Is p a prime number?
True
Let l(b) = -43*b - 3. Suppose 5*c - 1 + 11 = 0. Let h be l(c). Suppose 0*t - t + h = 0. Is t a prime number?
True
Suppose 0 = -2*l + 4*l - 10. Let t(f) = 279*f + 2. Is t(l) prime?
False
Let z(s) = 393*s - 36. Let y(c) = -98*c + 9. Let f(m) = 9*y(m) + 2*z(m). Is f(-5) a composite number?
True
Let j = 58739 + -20982. Is j composite?
True
Let x be -4 - (-4050)/(15/5). Suppose x = -0*q + 2*q - 3*d, 660 = q + 5*d. Suppose -14*z + 19*z = q. Is z prime?
False
Suppose -2*n + 28 = -6*n. Let f = -5 - n. Suppose -i + 88 = -5*l, -f*i + 57 = -4*l - 113. Is i prime?
True
Suppose 5*g - 4*o + 42 = 2*g, -5*g + 3*o = 59. Let c = -7 - g. Suppose -140 = -r - c*m, 146 = r + m - 4*m. Is r a composite number?
True
Suppose 1 + 3 = 2*c. Suppose -c*i = -7*i - 1040. Let a = -117 - i. Is a a composite number?
True
Let o be (6/4)/((-42)/(-224)). Suppose 0 = 3*m - 2*n - 9, 0 = 4*m - 0*m - 4*n - o. Suppose 0 = -v + 2*v + 1, 4*v = -m*s + 3391. Is s a prime number?
False
Let g = 917 + 4310. Is g composite?
False
Let l = -19 - -26. Let r be (-2)/(-1)*(3 - l). Is 4/r*0 + 1259 a composite number?
False
Let c = -201 - -223. Is c prime?
False
Let i(p) = p**3 - 35*p**2 + 46*p - 197. Is i(49) composite?
False
Let b(c) = -c**3 - c**2 + c + 161. Let o = -4 + 7. Suppose 0 = 5*d - 4*r + 8, 3*d = o*r - 6 - 0. Is b(d) a prime number?
False
Suppose z - 4*z + 234 = 0. Let u be ((-30)/4)/(1/z). Let w = u - -1004. Is w composite?
False
Is 3274/((-13 - -6) + 9) a composite number?
False
Let q be 0 + 2 - 6/(-1). Let b(y) = -4*y - 6. Let w(r) = -2*r - 3. Let o(g) = 6*b(g) - 14*w(g). Is o(q) composite?
True
Is 1 - 0 - ((-24)/(-6) + -6740) a composite number?
False
Let y = -41 - -32. Let j = y + 496. Is j a composite number?
False
Suppose 13*j - 98404 - 128199 = 0. Is j a composite number?
False
Suppose 0 = 2*d - 3*v - 13174, 3*d + 16*v - 19761 = 15*v. Is d prime?
False
Let c = -5 - -5. Suppose -2*s - 66 = -c*s. Let m = s - -47. Is m composite?
True
Suppose 5*s = 3*s + 28. Let q = s - 12. Suppose 0*b + q*b = 284. Is b a prime number?
False
Let i = 30 - 45. Is 60/i*233/(-4) composite?
False
Suppose 2*h = -5*h - 4501. Let g = -420 - h. Is g composite?
False
Suppose -1891*s + 1887*s = -62740. Is s a prime number?
False
Suppose -3*b + 4368 = 3*v, 2*b - b - 5*v - 1438 = 0. Let j = b - 986. Is j a composite number?
False
Suppose 0 = -2*k - 3*s + 3877, -5*k = -s - s - 9740. Let h = k - 1159. Is h a prime number?
True
Let d be 10*((-12)/(-8))/3. Suppose d*n + 0*s - 4*s = 2923, -3*n + 1741 = 4*s. Is n a composite number?
True
Suppose 0 = 2*o + 